22 is divided by 786?
90
What is the remainder when 16356 is divided by 71?
26
What is the remainder when 16073 is divided by 8033?
7
Calculate the remainder when 1746 is divided by 49.
31
Calculate the remainder when 3132286 is divided by 16.
14
Calculate the remainder when 72047 is divided by 87.
11
Calculate the remainder when 204253 is divided by 459.
457
Calculate the remainder when 1303823 is divided by 54.
47
Calculate the remainder when 176239 is divided by 860.
799
Calculate the remainder when 32685 is divided by 32609.
76
What is the remainder when 62258 is divided by 6225?
8
What is the remainder when 11186 is divided by 799?
0
What is the remainder when 12307 is divided by 76?
71
Calculate the remainder when 398509 is divided by 797.
9
What is the remainder when 52871 is divided by 13209?
35
Calculate the remainder when 93353 is divided by 46672.
9
Calculate the remainder when 2144021 is divided by 8.
5
What is the remainder when 42731 is divided by 33?
29
Calculate the remainder when 16091 is divided by 16063.
28
Calculate the remainder when 1996873 is divided by 665623.
4
Calculate the remainder when 1615 is divided by 394.
39
Calculate the remainder when 432 is divided by 89.
76
Calculate the remainder when 10261 is divided by 10251.
10
Calculate the remainder when 17410 is divided by 3473.
45
Calculate the remainder when 11942 is divided by 175.
42
What is the remainder when 15526 is divided by 399?
364
What is the remainder when 1469433 is divided by 101?
85
Calculate the remainder when 66939 is divided by 22311.
6
What is the remainder when 3513 is divided by 251?
250
Calculate the remainder when 4427 is divided by 4207.
220
What is the remainder when 18552 is divided by 77?
72
What is the remainder when 191582 is divided by 410?
112
What is the remainder when 427648 is divided by 162?
130
What is the remainder when 21458 is divided by 589?
254
What is the remainder when 3394 is divided by 65?
14
Calculate the remainder when 120688 is divided by 10968.
40
Calculate the remainder when 984 is divided by 79.
36
What is the remainder when 38023 is divided by 719?
635
What is the remainder when 42343 is divided by 60?
43
Calculate the remainder when 287802 is divided by 844.
842
What is the remainder when 10275 is divided by 1457?
76
What is the remainder when 18231 is divided by 536?
7
Calculate the remainder when 666 is divided by 169.
159
What is the remainder when 505 is divided by 371?
134
What is the remainder when 2872 is divided by 1999?
873
Calculate the remainder when 60922 is divided by 476.
470
What is the remainder when 774 is divided by 233?
75
Calculate the remainder when 412163 is divided by 214.
213
What is the remainder when 18986 is divided by 17?
14
What is the remainder when 10002 is divided by 78?
18
Calculate the remainder when 3338 is divided by 1649.
40
Calculate the remainder when 17988 is divided by 8409.
1170
What is the remainder when 109528 is divided by 27323?
236
What is the remainder when 201840 is divided by 351?
15
Calculate the remainder when 1994 is divided by 38.
18
Calculate the remainder when 2332879 is divided by 880.
879
What is the remainder when 2260 is divided by 678?
226
What is the remainder when 86325 is divided by 44?
41
Calculate the remainder when 615467 is divided by 1979.
1977
What is the remainder when 8398 is divided by 312?
286
What is the remainder when 2179 is divided by 1857?
322
What is the remainder when 63670 is divided by 7073?
13
Calculate the remainder when 139148 is divided by 475.
448
What is the remainder when 4515 is divided by 434?
175
What is the remainder when 281003 is divided by 93667?
2
Calculate the remainder when 13497 is divided by 20.
17
What is the remainder when 1611 is divided by 534?
9
Calculate the remainder when 195773 is divided by 191.
189
Calculate the remainder when 5950 is divided by 1011.
895
Calculate the remainder when 8395 is divided by 1390.
55
Calculate the remainder when 178494 is divided by 99.
96
What is the remainder when 3568 is divided by 69?
49
What is the remainder when 97021 is divided by 533?
15
What is the remainder when 13603 is divided by 15?
13
What is the remainder when 2170 is divided by 574?
448
Calculate the remainder when 480527 is divided by 16.
15
Calculate the remainder when 4969 is divided by 552.
1
What is the remainder when 40081 is divided by 51?
46
What is the remainder when 3637 is divided by 227?
5
Calculate the remainder when 19589 is divided by 9717.
155
Calculate the remainder when 26179 is divided by 50.
29
Calculate the remainder when 6914 is divided by 2268.
110
Calculate the remainder when 12114 is divided by 18.
0
What is the remainder when 5927 is divided by 113?
51
Calculate the remainder when 51547 is divided by 1515.
37
What is the remainder when 62292 is divided by 70?
62
What is the remainder when 1180 is divided by 863?
317
Calculate the remainder when 317636 is divided by 45374.
18
What is the remainder when 82317 is divided by 15?
12
Calculate the remainder when 12757 is divided by 1588.
53
What is the remainder when 2792 is divided by 212?
36
What is the remainder when 3400 is divided by 1863?
1537
What is the remainder when 193157 is divided by 440?
437
What is the remainder when 1051 is divided by 519?
13
What is the remainder when 8590 is divided by 386?
98
Calculate the remainder when 2474 is divided by 2452.
22
What is the remainder when 3711440 is divided by 132?
128
Calculate the remainder when 130473 is divided by 102.
15
What is the remainder when 2213 is divided by 554?
551
What is the remainder when 28884 is divided by 903?
891
Calculate the remainder when 2900 is divided by 356.
52
What is the remainder when 138545 is divided by 9?
8
What is the remainder when 211040 is divided by 15073?
18
Calculate the remainder when 2942 is divided by 881.
299
Calculate the remainder when 12696 is divided by 1812.
12
What is the remainder when 136026 is divided by 124?
122
What is the remainder when 20900 is divided by 6931?
107
Calculate the remainder when 463091 is divided by 428.
423
Calculate the remainder when 1086928 is divided by 65.
63
Calculate the remainder when 327031 is divided by 82.
15
What is the remainder when 2200 is divided by 642?
274
What is the remainder when 16822 is divided by 420?
22
What is the remainder when 4712 is divided by 13?
6
What is the remainder when 58368 is divided by 54?
48
Calculate the remainder when 1902 is divided by 474.
6
What is the remainder when 9407 is divided by 58?
11
Calculate the remainder when 12687 is divided by 423.
420
What is the remainder when 285903 is divided by 1336?
1335
Calculate the remainder when 24382 is divided by 24361.
21
Calculate the remainder when 50679 is divided by 25337.
5
Calculate the remainder when 41924 is divided by 446.
0
Calculate the remainder when 47493 is divided by 35.
33
What is the remainder when 409 is divided by 64?
25
Calculate the remainder when 20215 is divided by 750.
715
What is the remainder when 29650 is divided by 32?
18
Calculate the remainder when 16211 is divided by 16202.
9
Calculate the remainder when 558318 is divided by 10.
8
Calculate the remainder when 352 is divided by 53.
34
Calculate the remainder when 46233 is divided by 23097.
39
What is the remainder when 43672 is divided by 58?
56
Calculate the remainder when 1881 is divided by 134.
5
Calculate the remainder when 8061 is divided by 158.
3
Calculate the remainder when 3676 is divided by 1828.
20
What is the remainder when 1099303 is divided by 765?
763
What is the remainder when 1526575 is divided by 18?
13
Calculate the remainder when 1895 is divided by 125.
20
What is the remainder when 317617 is divided by 317609?
8
What is the remainder when 1189913 is divided by 396635?
8
What is the remainder when 55528 is divided by 5?
3
Calculate the remainder when 59707 is divided by 19886.
49
What is the remainder when 6691 is divided by 1902?
985
What is the remainder when 3293 is divided by 3141?
152
What is the remainder when 1608 is divided by 795?
18
Calculate the remainder when 1571 is divided by 471.
158
Calculate the remainder when 10181 is divided by 19.
16
What is the remainder when 16121 is divided by 61?
17
Calculate the 